{"id":970,"date":"2022-10-16T10:22:28","date_gmt":"2022-10-16T08:22:28","guid":{"rendered":"https:\/\/kunst-energie-regenbogen.de\/shop\/?post_type=product&#038;p=970"},"modified":"2026-04-04T15:42:50","modified_gmt":"2026-04-04T13:42:50","slug":"vision","status":"publish","type":"product","link":"https:\/\/kunst-energie-regenbogen.de\/shop\/produkt\/vision\/","title":{"rendered":"Erf\u00fcllungs-Kurs-Manifestation &#8211; Einzelworkshop"},"content":{"rendered":"<p><b>Erf\u00fcllungs-Kurs-Manifestation<\/b><\/p>\n<p>Kreiere aus der Liebe heraus deine pers\u00f6nlichen Manifestationen in deinem Umfeld: Erschaffe dir unter professioneller Anleitung der Bewusstseins\u00f6ffnungs-Expertin Petra Wenski-H\u00e4nisch, innerhalb der Kraft der Naturprinzipien, deine pers\u00f6nlichen Erf\u00fcllungen.<br \/>\nErf\u00fclle dir dein harmonisches Familienleben,<br \/>\ndeine liebevolle Beziehung in der Partnerschaft,<br \/>\ndeine erf\u00fcllende erfolgreiche Berufung,<br \/>\ndein gro\u00dfartiges Freizeitvergn\u00fcgen und<br \/>\ndeine freudvollen weiteren Aktivit\u00e4ten zum Wohle aller.<\/p>\n<p>Angeleitet wird das Zeit\/Raum-Gef\u00fcge durchschritten, um in die Vergangenheit zu schauen, um in dem Momentum, deinem momentanen Schwung zu sehen, wo du gerade stehst und um dir deine Zukunft im pers\u00f6nlichen Umfeld hochschwingend zu kreieren. In der Energie deines Bewusstseins und der Naturprinzipien wird altes Unn\u00fctzes abgel\u00f6st und aufgel\u00f6st, N\u00fctzliches gehalten und Neues f\u00fcr \u201eein erf\u00fclltes vitales Leben in Leichtigkeit\u201c kreiert. Erkenne dein Potenzial, deine Talente, deine Gaben und dein Bewusstsein in der Kraft der Naturprinzipien und bringe sie in dein Leben. Erschaffe \u201eF\u00fclle statt Mangel\u201c und erfreue dich und andere mit deiner Version deines kreierten erf\u00fcllten vitalen Lebens in Leichtigkeit.<\/p>\n<p>Im Kurs enthalten ist das Merkbuch: Hole dir dein Geschenk ab auf <a href=\"https:\/\/vision.kunst-energie-regenbogen.de\">https:\/\/vision.kunst-energie-regenbogen.de<\/a>, dann siehst du, welche Kraft hervorgebracht wird, um sich sein Leben in Leichtigkeit zu gestalten. Das Geschenk ist ein Merkbuch damit du deine Aufschriebe f\u00fcr erste Schritte zur Erreichung eines erf\u00fcllten vitalen Lebens in Leichtigkeit formulieren kannst. Bringe diese Aufschriebe mit zu deinem pers\u00f6nlichen Termin und lass dich professionell f\u00fcr die unterst\u00fctzte Umsetzung anleiten.<\/p>\n<p>Genie\u00dfe die Kraft des Einzelworkshops: Kreiere deine pers\u00f6nlichen Visionen in deinem Umfeld. Kreiere fokussiert, individuell, effizient in der Essenz deiner Manifestationen.<\/p>\n<p><b>333,- Euro f\u00fcr dein Erf\u00fcllungs-Momentum.<\/b><\/p>\n<p>Genie\u00dfe die Erf\u00fcllung deines neu orientierten Bewusstseins. Erfreue und genie\u00dfe deine dich erf\u00fcllenden Manifestationen in der Heilkraft deines Seele\/Geist\/K\u00f6rper-Systems. Erschaffe unter professioneller Anleitung innerhalb der Kraft der Naturprinzipien, dein pers\u00f6nliches Visionsboard f\u00fcr dein erf\u00fclltes vitales neues Jahr.<\/p>\n<p>1\/2 Std: Einf\u00fchrung in den Kurs.<br \/>\n1\/2 Std: Erf\u00fclle dir dein harmonisches Familienleben.<br \/>\n1\/2 Std: Erlebe deine liebevolle Beziehung in der Partnerschaft.<br \/>\n1\/2 Std: Kreiere deine erf\u00fcllende erfolgreiche Berufung.<br \/>\n1\/2 Std: Gestalte dein gro\u00dfartiges Freizeitvergn\u00fcgen und<br \/>\ndeine freudvollen weiteren Aktivit\u00e4ten zum Wohle aller.<br \/>\n1\/2 Std: Endbesprechung deiner Erf\u00fcllungen.<\/p>\n<p><b>Buchung zum Erf\u00fcllungs-Kurs-Manifestation:<br \/>\n<\/b>Nutze den Kurs um dir \u201edein erf\u00fclltes vitales Leben in Leichtigkeit\u201c f\u00fcr dich auszurichten. <span style=\"color: #212529;\">Aktiviere in deinem Bewusstsein deine Selbstheilungskr\u00e4fte.<\/span> Buche deinen pers\u00f6nlichen Termin, um die M\u00f6glichkeit deiner Kraftentfaltung in der Reservierung zu haben. Termine werden individuell abgestimmt (e-Mail, Telefon, WhatsApp)<\/p>\n","protected":false},"excerpt":{"rendered":"<p>Im Kurs enthalten ist das Merkbuch\/Merkblatt, 6 Termine im Einzelworkshop<\/p>\n","protected":false},"featured_media":973,"template":"","meta":[],"product_brand":[],"product_cat":[74,52,75],"product_tag":[],"class_list":{"0":"post-970","1":"product","2":"type-product","3":"status-publish","4":"has-post-thumbnail","6":"product_cat-coach","7":"product_cat-energie-coaching","8":"product_cat-petra-wenski-haenisch-coach","10":"first","11":"instock","12":"shipping-taxable","13":"purchasable","14":"product-type-simple"},"jetpack_sharing_enabled":true,"_links":{"self":[{"href":"https:\/\/kunst-energie-regenbogen.de\/shop\/wp-json\/wp\/v2\/product\/970","targetHints":{"allow":["GET"]}}],"collection":[{"href":"https:\/\/kunst-energie-regenbogen.de\/shop\/wp-json\/wp\/v2\/product"}],"about":[{"href":"https:\/\/kunst-energie-regenbogen.de\/shop\/wp-json\/wp\/v2\/types\/product"}],"wp:featuredmedia":[{"embeddable":true,"href":"https:\/\/kunst-energie-regenbogen.de\/shop\/wp-json\/wp\/v2\/media\/973"}],"wp:attachment":[{"href":"https:\/\/kunst-energie-regenbogen.de\/shop\/wp-json\/wp\/v2\/media?parent=970"}],"wp:term":[{"taxonomy":"product_brand","embeddable":true,"href":"https:\/\/kunst-energie-regenbogen.de\/shop\/wp-json\/wp\/v2\/product_brand?post=970"},{"taxonomy":"product_cat","embeddable":true,"href":"https:\/\/kunst-energie-regenbogen.de\/shop\/wp-json\/wp\/v2\/product_cat?post=970"},{"taxonomy":"product_tag","embeddable":true,"href":"https:\/\/kunst-energie-regenbogen.de\/shop\/wp-json\/wp\/v2\/product_tag?post=970"}],"curies":[{"name":"wp","href":"https:\/\/api.w.org\/{rel}","templated":true}]}}