{"id":824,"date":"2021-10-13T19:43:59","date_gmt":"2021-10-13T17:43:59","guid":{"rendered":"https:\/\/kunst-energie-regenbogen.de\/shop\/?post_type=product&#038;p=824"},"modified":"2024-02-12T21:21:46","modified_gmt":"2024-02-12T20:21:46","slug":"herz-licht-impulse-kunst-energie-kurs","status":"publish","type":"product","link":"https:\/\/kunst-energie-regenbogen.de\/shop\/produkt\/herz-licht-impulse-kunst-energie-kurs\/","title":{"rendered":"&#8222;Herz-Licht-Impulse&#8220; &#8211; Kunst-Energie-Kurs"},"content":{"rendered":"<p>Kunst-Energie-Kurs: Bilderkunst in Verbindung mit Energiepotenzial in der Umsetzung der Grundlagen der Malerei und der Bewusstseinserweiterung. Der \u201eHerz-Licht-Impulse-Kurs\u201c inspiriert, sch\u00f6ngeistige Energie-Kunst mit neuen Perspektiven im Zeitgeschehen zu betrachten und das Potenzial der Kreativit\u00e4t in wohlwollende Gedanken und in liebevolles Handeln umzusetzen. Im Bildaufbau werden kraftvolle Farb- und Formengestaltung in Energiethemen von der K\u00fcnstlerin in verschiedenen Kunsttechniken angeboten. Selbstkreierte, selbstgemalte ausdrucksstarke Energie-Bilder und selbst kreierte, selbstgeschriebene, energievolle Schrift-Bilder sind das Thema im Energie-Impulse-Buch-Werk, dessen Inhalt hier zum \u201eHerz-Licht\u201c \u2013 Kurs angeboten ist, um die Impulse (Themenschwerpunkte der Impulse sind z.B. Farblehre, Farbpsychologie, Farben im Aura-Chakren-System, Lebenswege, Weggabelungen, Weg und Ziel, Worte und Schrift, Weltbild, Welftfrieden, Friedenslicht, Tierenergien, Krafttiere, Selbstreflexion, &#8230;) unter professioneller Anleitung der Diplom Designerin (FH) Petra Wenski-H\u00e4nisch umzusetzen. Ziel der Kreativ-Energie-Impulse ist, vielen Menschen die M\u00f6glichkeit zu geben, spielerisch und leicht, ihre Kreativit\u00e4t und ihre eigene Energie und Selbsterkenntnis f\u00fcr sich und f\u00fcr das Umfeld, durch die selbst hergestellten Kreationen zu verst\u00e4rken und auszudehnen.<\/p>\n<p>Als Kunst- und Energie-Coach bietet die Diplom Designerin (FH) und K\u00fcnstlerin Petra Wenski-H\u00e4nisch in ihrem \u201eHerz-Licht-Impulse\u201c Kunst-Energie-Kurs verschiedene Impulse f\u00fcr Energie-Bild sowie Energie-Schriftbild an. Das Gesamtpaket f\u00fcr den \u201eHerz-Licht-Impulse\u201c geht 10 Wochen und beinhaltet betreutes und angeleitetes kreatives Energieaufladen durch die Bildgestaltung.<\/p>\n<p>Kurskurzbeschreibung: Energie-Bild sowie Energie-Schriftbild, 10 Live-Termine, per Zoom-Meeting, Impulsbesprechung, Austausch, es wird gemalt, geschrieben und Energie aufgetankt. Material und Mal-Zeichen-Technik nach Wahl. 10-Termine\/a1Std-Paket f\u00fcr 250,-Euro.<\/p>\n<p>Bei Verhinderung der Teilnahme am Unterricht, wird der Inhalt f\u00fcr den Teilnehmer per Mail zugesandt und kann pers\u00f6nlich nachgeholt werden.<\/p>\n","protected":false},"excerpt":{"rendered":"<p>&#8222;Herz-Licht-Impulse&#8220; &#8211; Kunst-Energie-Kurs<br \/>\n10 Impulse f\u00fcr positive \u200bEnergie in der Kreativit\u00e4t<br \/>\nein Semester mit 10 Live-Terminen<br \/>\n10 Live-Termine, per Zoom-Meeting, Montags, je 1 Stunde von 19:30-20:30 Uhr<br \/>\nStart nach Vereinbarung<\/p>\n","protected":false},"featured_media":844,"template":"","meta":[],"product_brand":[],"product_cat":[52,51,44],"product_tag":[],"class_list":{"0":"post-824","1":"product","2":"type-product","3":"status-publish","4":"has-post-thumbnail","6":"product_cat-energie-coaching","7":"product_cat-workshop","8":"product_cat-petra-wenski-haenisch","10":"first","11":"instock","12":"shipping-taxable","13":"purchasable","14":"product-type-simple"},"jetpack_sharing_enabled":true,"_links":{"self":[{"href":"https:\/\/kunst-energie-regenbogen.de\/shop\/wp-json\/wp\/v2\/product\/824","targetHints":{"allow":["GET"]}}],"collection":[{"href":"https:\/\/kunst-energie-regenbogen.de\/shop\/wp-json\/wp\/v2\/product"}],"about":[{"href":"https:\/\/kunst-energie-regenbogen.de\/shop\/wp-json\/wp\/v2\/types\/product"}],"wp:featuredmedia":[{"embeddable":true,"href":"https:\/\/kunst-energie-regenbogen.de\/shop\/wp-json\/wp\/v2\/media\/844"}],"wp:attachment":[{"href":"https:\/\/kunst-energie-regenbogen.de\/shop\/wp-json\/wp\/v2\/media?parent=824"}],"wp:term":[{"taxonomy":"product_brand","embeddable":true,"href":"https:\/\/kunst-energie-regenbogen.de\/shop\/wp-json\/wp\/v2\/product_brand?post=824"},{"taxonomy":"product_cat","embeddable":true,"href":"https:\/\/kunst-energie-regenbogen.de\/shop\/wp-json\/wp\/v2\/product_cat?post=824"},{"taxonomy":"product_tag","embeddable":true,"href":"https:\/\/kunst-energie-regenbogen.de\/shop\/wp-json\/wp\/v2\/product_tag?post=824"}],"curies":[{"name":"wp","href":"https:\/\/api.w.org\/{rel}","templated":true}]}}