{"id":312,"date":"2020-04-17T14:17:50","date_gmt":"2020-04-17T12:17:50","guid":{"rendered":"http:\/\/kunst-energie-regenbogen.de\/shop\/?post_type=product&#038;p=312"},"modified":"2020-04-17T14:18:44","modified_gmt":"2020-04-17T12:18:44","slug":"kuenstler-image-coaching","status":"publish","type":"product","link":"https:\/\/kunst-energie-regenbogen.de\/shop\/produkt\/kuenstler-image-coaching\/","title":{"rendered":"K\u00fcnstler-Image-Coaching"},"content":{"rendered":"<p>Ziel des K\u00fcnstler-Image-Coaching ist die Weiterentwicklung der Positionierung in der Kunst. Das K\u00fcnstler-Image-Coaching findet im individuellen Dialog ganz spezifisch auf die jeweilige Situation ausgerichtet statt. Es werden Impulse f\u00fcr die individuelle Image- und Pr\u00e4sentations-Entwicklung unter fachlicher Betreuung gegeben. Der Fokus kann auch auf verschiedene Kunstgestaltungs-Techniken in den Bereichen Bilder- und Skulpturen-Kunst erweitert werden. Durch einen ganzheitlichen Ansatz betrachten wir nicht nur die Kunst sondern nehmen auch den K\u00fcnstler mit seiner Pers\u00f6nlichkeit und Energie in die Betrachtung, so dass am Ende ein stimmiges Bild entsteht \u2013 von der Person, deren Energie, Kunst und Image.<br \/>\nBesprechungsthemen beim K\u00fcnstler-Image-Coaching k\u00f6nnen sein: Philosophie, Motivwahl, Materialwahl, Bildaufbau, Technik, Pr\u00e4sentation, Image, Marketing, Verkauf, Kontaktsammlung und Energie-Zukunftskreation. Diese Themen lassen sich jederzeit vertiefen. Weitere Besprechungsthemen beim Energie-Coaching sind dann Seele &#8211; Seelenplan, Geist &#8211; Lebensplan, K\u00f6rper &#8211; Gesundheitsplan.<br \/>\nDas K\u00fcnstler-Image-Coaching kann gerne auch f\u00fcr die Unterst\u00fctzung von Kunst-Bewerbungen bei Galerien, Kunst-Messen und Kunst-Ausstellungen genutzt werden. Der Einzel-Teilnehmer kommt mit seinem F\u00f6rder-Anliegen und bestimmt selbst, wie lange die Beratung dauert und wieviel Zeit, mit welchen Image\/Beratungs-M\u00f6glichkeiten fortgefahren wird.<br \/>\nKommunikation \u00fcber E-Mail, Telefon, WhatsApp, Telegram, Zoom.<\/p>\n","protected":false},"excerpt":{"rendered":"<p>Ziel des K\u00fcnstler-Image-Coaching ist die Weiterentwicklung der Positionierung in der Kunst. Das K\u00fcnstler-Image-Coaching findet im individuellen Dialog ganz spezifisch auf die jeweilige Situation ausgerichtet statt.<br \/>\nDer Einzel-Teilnehmer kommt mit seinem F\u00f6rder-Anliegen und bestimmt selbst, wie lange die Beratung dauert und wieviel Zeit, mit welchen Image\/Beratungs-M\u00f6glichkeiten fortgefahren wird.<br \/>\nKommunikation \u00fcber E-Mail, Telefon, WhatsApp, Telegram, Zoom.<br \/>\nDiese Buchung ist f\u00fcr das Initialgespr\u00e4ch, Termin nach Vereinbarung, ab einer 1\/2 Stunde 60 Euro<\/p>\n","protected":false},"featured_media":310,"template":"","meta":[],"product_brand":[],"product_cat":[43,50,44],"product_tag":[],"class_list":{"0":"post-312","1":"product","2":"type-product","3":"status-publish","4":"has-post-thumbnail","6":"product_cat-kuenstler","7":"product_cat-coaching","8":"product_cat-petra-wenski-haenisch","10":"first","11":"instock","12":"virtual","13":"purchasable","14":"product-type-simple"},"jetpack_sharing_enabled":true,"_links":{"self":[{"href":"https:\/\/kunst-energie-regenbogen.de\/shop\/wp-json\/wp\/v2\/product\/312","targetHints":{"allow":["GET"]}}],"collection":[{"href":"https:\/\/kunst-energie-regenbogen.de\/shop\/wp-json\/wp\/v2\/product"}],"about":[{"href":"https:\/\/kunst-energie-regenbogen.de\/shop\/wp-json\/wp\/v2\/types\/product"}],"wp:featuredmedia":[{"embeddable":true,"href":"https:\/\/kunst-energie-regenbogen.de\/shop\/wp-json\/wp\/v2\/media\/310"}],"wp:attachment":[{"href":"https:\/\/kunst-energie-regenbogen.de\/shop\/wp-json\/wp\/v2\/media?parent=312"}],"wp:term":[{"taxonomy":"product_brand","embeddable":true,"href":"https:\/\/kunst-energie-regenbogen.de\/shop\/wp-json\/wp\/v2\/product_brand?post=312"},{"taxonomy":"product_cat","embeddable":true,"href":"https:\/\/kunst-energie-regenbogen.de\/shop\/wp-json\/wp\/v2\/product_cat?post=312"},{"taxonomy":"product_tag","embeddable":true,"href":"https:\/\/kunst-energie-regenbogen.de\/shop\/wp-json\/wp\/v2\/product_tag?post=312"}],"curies":[{"name":"wp","href":"https:\/\/api.w.org\/{rel}","templated":true}]}}