{"id":1126,"date":"2024-05-26T14:05:22","date_gmt":"2024-05-26T12:05:22","guid":{"rendered":"https:\/\/kunst-energie-regenbogen.de\/shop\/?post_type=product&#038;p=1126"},"modified":"2026-02-27T17:22:36","modified_gmt":"2026-02-27T16:22:36","slug":"energiebild-regenbogenbaum","status":"publish","type":"product","link":"https:\/\/kunst-energie-regenbogen.de\/shop\/produkt\/energiebild-regenbogenbaum\/","title":{"rendered":"Energiebild &#8222;ARCUS ARBORE \/ Regenbogenbaum&#8220; zum Thema Kl\u00e4rung-Ordnung-F\u00fclle"},"content":{"rendered":"<h3 class=\"western\" style=\"text-align: left;\" align=\"center\">Nimm dir Zeit f\u00fcr dich!<\/h3>\n<p class=\"western\" style=\"text-align: left;\" align=\"center\">Begib dich an einen ruhigen entspannten Ort. Nutze das Energiebild \u201eARCUS ARBORE \/ Regenbogenbaum\u201c zur Aufladung deiner Energie. Ein ganz besonderer Tag.<\/p>\n<h3 style=\"text-align: left;\" align=\"center\">Energiebild &#8222;ARCUS ARBORE \/ Regenbogenbaum&#8220;<\/h3>\n<p>Das Energiebild &#8222;ARCUS ARBORE \/ Regenbogenbaum&#8220; ist in unterschiedlichen Formaten, Gr\u00f6\u00dfen und auf unterschiedlichen Materialien erh\u00e4ltlich. W\u00e4hle die Ausf\u00fchrung, die es erlaubt im eigenen Umfeld die bestm\u00f6gliche Platzierung zu erhalten, so dass man in einer bequemen Haltung in diesem Energiebild versinken kann. Mit dem Energiebild wird ein Booklet mit Meditationstext, einer energetischen \u00dcbung mit dem Bild, einem Energie Impuls sowie einem Energie-Text zum Thema Kl\u00e4rung-Ordnung-F\u00fclle.<\/p>\n<h3>Kl\u00e4rung-Ordnung-F\u00fclle: Beseitigung von Missverst\u00e4ndnissen und Zweifel<\/h3>\n<p>Kl\u00e4rung bedeutet Beseitigung von Missverst\u00e4ndnissen oder Zweifeln \u00fcber etwas. Wenn Begriffe oder Fragen noch Kl\u00e4rung bed\u00fcrfen, besteht die M\u00f6glichkeit, diese genauer zu untersuchen oder zu analysieren, um Klarheit zu schaffen.<\/p>\n<p>Ordnen bezieht sich auf das strukturierte Anordnen von Dingen oder Abl\u00e4ufen. Es kann sowohl im physischen als auch im organisatorischen Kontext verwendet werden. Geordnet sein und \u00dcbersichtlichkeit hervorbringen beschreibt den Zustand der Ordnung, in dem etwas gut organisiert, \u00fcbersichtlich und systematisch ist. Disziplin steht in Verbindung mit Ordnung und dient der Einhaltung bestimmter Abl\u00e4ufe, sei es im pers\u00f6nlichen Leben oder im gesellschaftlichen Kontext.<\/p>\n<p>F\u00fclle bezieht sich auf eine betr\u00e4chtliche Menge oder Anzahl von etwas.\u00a0F\u00fclle ist in gehobener Sprache als Synonym f\u00fcr \u00dcberfluss und Reichtum gern verwendet. Es kann sich auf materiellen oder geistigen Reichtum beziehen.\u00a0Bitte bedient euch, es ist reichlich f\u00fcr alle da.<\/p>\n","protected":false},"excerpt":{"rendered":"<p>Energiebild &#8222;ARCUS ARBORE \/ Regenbogenbaum&#8220; als Druck<\/p>\n","protected":false},"featured_media":1127,"template":"","meta":[],"product_brand":[],"product_cat":[36,16,79,44],"product_tag":[],"class_list":{"0":"post-1126","1":"product","2":"type-product","3":"status-publish","4":"has-post-thumbnail","6":"product_cat-bilder","7":"product_cat-digitaldruck","8":"product_cat-energiebild","9":"product_cat-petra-wenski-haenisch","10":"product_shipping_class-versandmittel","12":"first","13":"instock","14":"shipping-taxable","15":"purchasable","16":"product-type-variable"},"jetpack_sharing_enabled":true,"_links":{"self":[{"href":"https:\/\/kunst-energie-regenbogen.de\/shop\/wp-json\/wp\/v2\/product\/1126","targetHints":{"allow":["GET"]}}],"collection":[{"href":"https:\/\/kunst-energie-regenbogen.de\/shop\/wp-json\/wp\/v2\/product"}],"about":[{"href":"https:\/\/kunst-energie-regenbogen.de\/shop\/wp-json\/wp\/v2\/types\/product"}],"wp:featuredmedia":[{"embeddable":true,"href":"https:\/\/kunst-energie-regenbogen.de\/shop\/wp-json\/wp\/v2\/media\/1127"}],"wp:attachment":[{"href":"https:\/\/kunst-energie-regenbogen.de\/shop\/wp-json\/wp\/v2\/media?parent=1126"}],"wp:term":[{"taxonomy":"product_brand","embeddable":true,"href":"https:\/\/kunst-energie-regenbogen.de\/shop\/wp-json\/wp\/v2\/product_brand?post=1126"},{"taxonomy":"product_cat","embeddable":true,"href":"https:\/\/kunst-energie-regenbogen.de\/shop\/wp-json\/wp\/v2\/product_cat?post=1126"},{"taxonomy":"product_tag","embeddable":true,"href":"https:\/\/kunst-energie-regenbogen.de\/shop\/wp-json\/wp\/v2\/product_tag?post=1126"}],"curies":[{"name":"wp","href":"https:\/\/api.w.org\/{rel}","templated":true}]}}