{"id":1101,"date":"2024-01-04T12:30:09","date_gmt":"2024-01-04T11:30:09","guid":{"rendered":"https:\/\/kunst-energie-regenbogen.de\/shop\/?post_type=product&#038;p=1101"},"modified":"2024-01-04T12:30:09","modified_gmt":"2024-01-04T11:30:09","slug":"visionboard-kurzworkshop-aufzeichnung","status":"publish","type":"product","link":"https:\/\/kunst-energie-regenbogen.de\/shop\/produkt\/visionboard-kurzworkshop-aufzeichnung\/","title":{"rendered":"Visionboard Kurzworkshop &#8211; Aufzeichnung"},"content":{"rendered":"<p>Visionboard Kurzworkshop<\/p>\n<p>Mangel abl\u00f6sen, F\u00fclle kreieren, Visionen f\u00fcr die Zukunft manifestieren.<\/p>\n<p>ca. 25 Min., geleitet von Petra Wenski-H\u00e4nisch<\/p>\n<div>Petra Wenski-H\u00e4nisch ist Bewusstseins\u00f6ffnungs-Expertin\/Coachin\/Mentorin, Autorin, Art Direktorin\/Marketing.<\/div>\n<div>Ihr Business resultiert aus ihrem Studium Visuelle Kommunikation, ihre Berufung bewegt sich in ihren Business-Bereichen Energiepraxis, Kunst, Art Direktion.<\/div>\n<div>Gerne Papier und Stift oder Buntstifte bereithalten f\u00fcr den Workshop.<\/div>\n<div>Nach dem Kauf kann der Workshop als Video-Datei heruntergeladen werden.<\/div>\n","protected":false},"excerpt":{"rendered":"<p>Visionboard Kurzworkshop<\/p>\n<p>Mangel abl\u00f6sen, F\u00fclle kreieren, Visionen f\u00fcr die Zukunft manifestieren.<\/p>\n<p>ca. 25 Min., geleitet von Petra Wenski-H\u00e4nisch<\/p>\n","protected":false},"featured_media":1102,"template":"","meta":[],"product_brand":[],"product_cat":[52],"product_tag":[],"class_list":{"0":"post-1101","1":"product","2":"type-product","3":"status-publish","4":"has-post-thumbnail","6":"product_cat-energie-coaching","8":"first","9":"instock","10":"downloadable","11":"virtual","12":"purchasable","13":"product-type-simple"},"jetpack_sharing_enabled":true,"_links":{"self":[{"href":"https:\/\/kunst-energie-regenbogen.de\/shop\/wp-json\/wp\/v2\/product\/1101","targetHints":{"allow":["GET"]}}],"collection":[{"href":"https:\/\/kunst-energie-regenbogen.de\/shop\/wp-json\/wp\/v2\/product"}],"about":[{"href":"https:\/\/kunst-energie-regenbogen.de\/shop\/wp-json\/wp\/v2\/types\/product"}],"wp:featuredmedia":[{"embeddable":true,"href":"https:\/\/kunst-energie-regenbogen.de\/shop\/wp-json\/wp\/v2\/media\/1102"}],"wp:attachment":[{"href":"https:\/\/kunst-energie-regenbogen.de\/shop\/wp-json\/wp\/v2\/media?parent=1101"}],"wp:term":[{"taxonomy":"product_brand","embeddable":true,"href":"https:\/\/kunst-energie-regenbogen.de\/shop\/wp-json\/wp\/v2\/product_brand?post=1101"},{"taxonomy":"product_cat","embeddable":true,"href":"https:\/\/kunst-energie-regenbogen.de\/shop\/wp-json\/wp\/v2\/product_cat?post=1101"},{"taxonomy":"product_tag","embeddable":true,"href":"https:\/\/kunst-energie-regenbogen.de\/shop\/wp-json\/wp\/v2\/product_tag?post=1101"}],"curies":[{"name":"wp","href":"https:\/\/api.w.org\/{rel}","templated":true}]}}