{"id":1029,"date":"2023-02-26T19:56:05","date_gmt":"2023-02-26T18:56:05","guid":{"rendered":"https:\/\/kunst-energie-regenbogen.de\/shop\/?post_type=product&#038;p=1029"},"modified":"2023-02-26T19:56:05","modified_gmt":"2023-02-26T18:56:05","slug":"abloesung","status":"publish","type":"product","link":"https:\/\/kunst-energie-regenbogen.de\/shop\/produkt\/abloesung\/","title":{"rendered":"Abl\u00f6sung von Gel\u00fcbden, Vertr\u00e4gen, Banden, Implantaten mit Vergebungsritual zum Abschluss"},"content":{"rendered":"<p>Du f\u00fchlst dich gefangen, in deinem eigenen Karma verstrickt, hast Wiederholungen, die dich an deiner F\u00fclle in Familie, Beruf und Freizeit hindern. Du m\u00f6chtest deine grenzenlose, dich gl\u00fccklich machende Freiheit erlangen und du m\u00f6chtest aus der niederen Schwingung deiner Ereignisse in die hohe Schwingung der F\u00fclle transformieren &#8211; dann lasse dich von Petra durch deine pers\u00f6nliche Abl\u00f6sung von Gel\u00fcbden, Vertr\u00e4gen, Banden, Implantaten f\u00fchren und gewinne dein wahres Potential in all deinen Aspekten wieder zur\u00fcck f\u00fcr dein vollkommenes Sein.<\/p>\n<p>Zum Schluss genie\u00dfe das Vergebungsritual und erkenne den Neubeginn deiner kreativen Zukunft.<\/p>\n<p>Bestelle dir die M\u00f6glichkeit deiner Freiheit und schaue dir die weiteren aufbauenden Angebote an (B\u00fccher, Coaching, &#8230;).<\/p>\n","protected":false},"excerpt":{"rendered":"<p>Film-Datei mit gesprochenem Abl\u00f6sungsritual von Petra Wenski-H\u00e4nisch zum Download<\/p>\n","protected":false},"featured_media":1031,"template":"","meta":[],"product_brand":[],"product_cat":[52],"product_tag":[],"class_list":{"0":"post-1029","1":"product","2":"type-product","3":"status-publish","4":"has-post-thumbnail","6":"product_cat-energie-coaching","8":"first","9":"instock","10":"downloadable","11":"virtual","12":"purchasable","13":"product-type-simple"},"jetpack_sharing_enabled":true,"_links":{"self":[{"href":"https:\/\/kunst-energie-regenbogen.de\/shop\/wp-json\/wp\/v2\/product\/1029","targetHints":{"allow":["GET"]}}],"collection":[{"href":"https:\/\/kunst-energie-regenbogen.de\/shop\/wp-json\/wp\/v2\/product"}],"about":[{"href":"https:\/\/kunst-energie-regenbogen.de\/shop\/wp-json\/wp\/v2\/types\/product"}],"wp:featuredmedia":[{"embeddable":true,"href":"https:\/\/kunst-energie-regenbogen.de\/shop\/wp-json\/wp\/v2\/media\/1031"}],"wp:attachment":[{"href":"https:\/\/kunst-energie-regenbogen.de\/shop\/wp-json\/wp\/v2\/media?parent=1029"}],"wp:term":[{"taxonomy":"product_brand","embeddable":true,"href":"https:\/\/kunst-energie-regenbogen.de\/shop\/wp-json\/wp\/v2\/product_brand?post=1029"},{"taxonomy":"product_cat","embeddable":true,"href":"https:\/\/kunst-energie-regenbogen.de\/shop\/wp-json\/wp\/v2\/product_cat?post=1029"},{"taxonomy":"product_tag","embeddable":true,"href":"https:\/\/kunst-energie-regenbogen.de\/shop\/wp-json\/wp\/v2\/product_tag?post=1029"}],"curies":[{"name":"wp","href":"https:\/\/api.w.org\/{rel}","templated":true}]}}